er when r is divided by 37.
19
Suppose -a + 84 = 3*a. Suppose 0*b - 7 = -b. Suppose -b*f = -2*f - 200. Calculate the remainder when f is divided by a.
19
Let i = 47 + -48. Calculate the remainder when 30 is divided by (12 + -20)*((0 - 0) + i).
6
Let u = 20 - -5. Suppose 0 = 2*q - 4*d + 8, u = 5*q - d - 0*d. Suppose 8*r - 39 = 4*r + w, 52 = 5*r + 2*w. Calculate the remainder when r is divided by q.
4
Let c(a) be the first derivative of 8*a**2 - 5*a - 5. Let b be c(4). Suppose 5*z - b = 76. Calculate the remainder when z is divided by 7.
6
Let i = -19 - -22. What is the remainder when ((-24)/i)/(21/(-18) - -1) is divided by 13?
9
Suppose -2*l = 5*x - 741, -8*l + 9*l - x - 353 = 0. Calculate the remainder when l is divided by 175.
8
Let w = -5 + 11. Let d(f) = -7*f + 29*f + w - f**2 - 14*f. What is the remainder when 36 is divided by d(7)?
10
Let f(s) = 10 + 3 + 2*s + 5 + 2. What is the remainder when 37 is divided by f(0)?
17
Suppose 0 = 4*u + 2*m - 456, -2*u - 2*u + 458 = m. Suppose -6*a = -a + u. Let x = 37 + a. What is the remainder when x is divided by 8?
6
Let u(g) = -7*g - 22. Calculate the remainder when u(-5) is divided by 7.
6
Suppose -y + 589 = n + 2*n, -2*n + 390 = -2*y. What is the remainder when n is divided by 99?
97
Let k(n) = n**3 + 17*n**2 + 17*n + 20. Let y be k(-16). Let d = y - -45. Calculate the remainder when d is divided by 26.
23
Suppose 8*i + 27 = -1173. Let w = i + 165. Suppose -28 - 18 = -4*n + 5*m, -m = -n + 11. Calculate the remainder when w is divided by n.
6
Let n be (-1)/3 - (-238)/21. Suppose -n*z = -6*z - 85. What is the remainder when 30 is divided by z?
13
Calculate the remainder when 678/(-3729) - (-1)/(2/(422/11)) is divided by 4/8 - 13/(-2).
5
Let o = -669 + 713. Suppose -c = -i + 1 + 7, 44 = 5*i - 4*c. Calculate the remainder when o is divided by i.
8
Let w(q) = -q**2 + 3*q. Let v be w(4). Let m(t) = t**2 + 3*t + 3. Suppose 0 = 8*d + d - 306. Calculate the remainder when d is divided by m(v).
6
Suppose 0 = 10*c - 8*c - 4. Calculate the remainder when (-11)/((-2)/(-2) - c) is divided by 4.
3
Let u(v) = 6*v**2 - 5*v + 6. Let z be u(4). Let s = -55 + z. Calculate the remainder when 80 is divided by s.
26
Suppose 2*h = -3*h + 5. Let y(r) = 14*r**2 - 1. Suppose d - 2*v = -3*d + 194, -3*d + 145 = -2*v. What is the remainder when d is divided by y(h)?
10
Let h(s) = -2*s**2 - 18*s + 2. Let t = -5 + 8. Let m = -6 - t. What is the remainder when 7 is divided by h(m)?
1
Let x = 114 - 110. Suppose 0 = r + 2*r + 3*y - 57, -x*y = -r + 24. Calculate the remainder when 67 is divided by r.
7
Let t = 840 - 807. What is the remainder when 689 is divided by t?
29
Let k(y) = y**2 + 7*y + 15. What is the remainder when k(-17) is divided by 66?
53
Suppose 6074 - 431 = 11*l. What is the remainder when l is divided by 46?
7
Let m(c) = -2*c**3 + 41*c**2 - 13*c - 39. Calculate the remainder when 297 is divided by m(20).
95
Let q = 23 - 32. Let x = -3 - q. Let p = x - 5. Calculate the remainder when 1 is divided by p.
0
Suppose 0 = -9*f + 2330 + 343. What is the remainder when f is divided by 50?
47
Suppose 4173 = 141*w - 128*w. Calculate the remainder when w is divided by 17.
15
Suppose -9*b + 115 = -173. What is the remainder when 139 is divided by b?
11
Suppose 0 = f - 5 + 3. Let r be -2 + 2 + f + 2. Suppose -r + 16 = 2*u. What is the remainder when 23 is divided by u?
5
Suppose 116 = 7*p - 206. Calculate the remainder when 316 is divided by p.
40
Suppose -d = -3*j - 59 + 4, 0 = 3*d + j - 185. What is the remainder when 75 is divided by d?
14
Suppose -2*s = 4*w - 366, 113*w - 118*w + 485 = -3*s. What is the remainder when w is divided by 28?
10
What is the remainder when 139 is divided by 14 - (3 + -7)*-1 - 3?
6
Suppose 4*p + 112 = 4*z, -8*p + 11*p = -3. Calculate the remainder when 132 is divided by z.
24
Let a = 244 - 24. Let f = a + -208. Suppose -3*b - 2 = -14. Calculate the remainder when f is divided by b.
0
Suppose -224 = -4*n - 4*f, -9*n + 4*f = -10*n + 44. Calculate the remainder when 294 is divided by n.
54
Let w be -2 + (-1 - 12) + -2. Suppose -2*z - 86 = -4*u, 2*z = 3*z - 3*u + 48. Let k = w - z. Calculate the remainder when k is divided by 10.
6
Suppose j - 6*l + 4 = -10*l, 0 = 4*l + 20. Calculate the remainder when 166 is divided by j.
6
Let s = 107 + -75. What is the remainder when s is divided by 10?
2
Suppose 34 = 4*k - 2*o, -2*o = -4*k - 3*o + 19. Suppose -2*g = 16 - 0. What is the remainder when 2/g + 555/60 is divided by k?
3
Let w(f) = f**2 - 6*f - 11. Suppose -2*y - 15 + 5 = 0, -25 = -4*b + y. Let a = b + 4. What is the remainder when w(-3) is divided by a?
7
Let j(n) = n**2 - 15*n - 16. Let c be j(16). Let h(s) = c*s + 12 + s**2 + 0*s + 5*s. What is the remainder when 106 is divided by h(-8)?
34
Let w(g) = -3*g + 5. Let b be w(-5). Let f be (b + 0)*13/26. Suppose -2*h + f = 4. Calculate the remainder when 10 is divided by h.
1
Calculate the remainder when 551/7 - (60/35 + -2) is divided by 16.
15
Let v = -24 - -12. Let r(j) be the second derivative of -j**5/20 - j**4 - j**3/6 + 6*j**2 - 4*j. What is the remainder when 93 is divided by r(v)?
21
Suppose -480 = -j - 3*s + 4*s, 4*j - s = 1917. Calculate the remainder when j is divided by 48.
47
Let x = -22 + 68. Let i = -20 + x. Suppose -f + 4*g = -3, 3*g - 3 + 0 = 0. What is the remainder when i is divided by f?
5
Suppose 0 = 4*p + 4*f, 2*p - 4*f = f + 14. Calculate the remainder when (45/10)/9*13*p is divided by 3.
1
Let b(n) = -n**3 + 24*n**2 - 42*n - 38. What is the remainder when 13 is divided by b(22)?
1
Let b(h) = -3*h. Let v(t) = t - 5. Let f be v(10). Suppose -f = -4*x + 5*x. Calculate the remainder when b(x) is divided by 8.
7
Calculate the remainder when 116 is divided by (-12)/(-9)*6/8*13.
12
Suppose 17 + 20 = 4*g - 5*u, 2*u = -5*g + 5. Let f(r) = -2*r**2 - r + 2. Let n be f(2). Let a = 10 + n. Calculate the remainder when g is divided by a.
1
Let r(c) = -c**2 + 11*c - 9. Suppose 3*p - 33 = -3*q, -p + 4*q + 16 = p. Let n be r(p). Suppose -2*g = -25 - n. What is the remainder when 37 is divided by g?
11
Let f(y) = -y**2 + 9*y + 62. What is the remainder when 55 is divided by f(13)?
5
Suppose 0 = 5*v + 976 + 24. Let d = -143 - v. Calculate the remainder when d is divided by 12.
9
Suppose -5*h = 20, -4*h + 394 + 181 = 3*i. What is the remainder when i is divided by 67?
63
Calculate the remainder when 9/36 - 590/(-8) is divided by 22.
8
Let p(o) be the third derivative of o**4/8 + 23*o**3/6 + 6*o**2. Let k be p(7). Suppose 5*h = 9*h - k. Calculate the remainder when 41 is divided by h.
8
Let x = 236 + -208. Let d(j) = -j**3 - j**2 - j + 11. What is the remainder when x is divided by d(0)?
6
Let y(n) = 11*n**3 - 141*n**2 - 24*n + 5. What is the remainder when 117 is divided by y(13)?
24
Suppose -3*u + 7 = 3*y - 5*u, 8 = -3*y - u. Let g(j) = -48*j**3 - j. Calculate the remainder when 194 is divided by g(y).
47
Let r(t) = 7*t**2 + 2*t - 2. What is the remainder when r(-2) is divided by (-242)/(-77) + (-64)/56?
0
Suppose 2*k + 12 = 4*k. What is the remainder when k is divided by (-14)/63 + (-6)/((-162)/87)?
0
Let b(u) = -u**3 - 37*u**2 - 133*u + 3. What is the remainder when b(-33) is divided by 16?
4
Let s(r) be the third derivative of r**6/120 - r**5/60 + r**4/24 + 11*r**3/6 - 17*r**2. What is the remainder when 38 is divided by s(0)?
5
Let w = 6 + -3. Let i be 0 + 0 - (-6 - -4). Suppose i = -s + 2*s. Calculate the remainder when w is divided by s.
1
Suppose 170 = -5*f + 430. Let j = f - 17. Suppose 3*r = 8*r - 15, -4*n + r + 545 = 0. What is the remainder when n is divided by j?
32
Let l = 7 + -3. Suppose -j = 5*g - 16, 0*j + j - l*g - 25 = 0. Let y = -12 - -25. Calculate the remainder when j is divided by y.
8
Suppose -226 = -8*m + 766. What is the remainder when 253 is divided by m?
5
What is the remainder when 6 is divided by 4*(-7)/8*(-6)/7?
0
Let u be -3*(-8)/(-36)*12. Let l(t) = -5*t - 6. What is the remainder when (-406)/(-4) - 9/18 is divided by l(u)?
33
Suppose 4*h - 130 = 282. What is the remainder when h is divided by 1*34 - 16/(-16)?
33
Let a = 73 + -72. What is the remainder when 13 is divided by (104/17)/a - (-2)/(-17)?
1
Suppose -3*u = 2*u - 115. Suppose -5*l + 6 = -3*k, 13*l - 5*l = 2*k + 32. What is the remainder when u is divided by